st common divisor of m and p.
12
Let j(t) = -1 + t - t - t. Let x be j(-6). Suppose x*b - 482 = -57. What is the greatest common factor of 34 and b?
17
Let t(w) = w + 7. Let r be t(4). Calculate the greatest common divisor of r and 11.
11
Let k be (-3)/2 + (-2)/(-4). Let b be 36*(2/(-3))/k. Calculate the highest common factor of 3 and b.
3
Suppose -7*p + 50 = -2*p. Suppose -8 = -3*u - 5*n, -2*n + p = 2*u - n. What is the highest common factor of 6 and u?
6
Let m = 0 - -10. Let n be 12/9*(-9)/(-6). Calculate the highest common divisor of n and m.
2
Let h(a) = a**2 + 6*a + 7. Let n be h(-5). Suppose n*v - 2 = 4. Calculate the greatest common divisor of 21 and v.
3
Let a = 1 + -1. Suppose 9 = -a*l + 3*l. Suppose -l*h + 110 + 187 = 0. What is the highest common factor of h and 9?
9
Suppose 0*j = -4*j + 208. Let m(a) = -a**2 + 10*a - 3. Let p be m(9). Let u be (-2 + 41)*2/p. Calculate the highest common factor of j and u.
13
Let g = 136 - 46. Suppose -c + 12*c = 110. What is the highest common factor of c and g?
10
Let f(b) = -b**3 - 5*b - 7. Let v be f(-5). What is the highest common divisor of v and 13?
13
Suppose -5*o - r - 4*r = -455, 4*o - 5*r - 355 = 0. Let y(u) = 2*u**2 + 35*u - 8. Let d be y(-18). Calculate the greatest common divisor of o and d.
10
Suppose -3*c = -2*c + 2, 40 = 4*g - 2*c. Let b(u) = u + 68. Let h be b(4). Calculate the highest common divisor of g and h.
9
Let w = 5 - 5. Suppose 5*a = -4*q + 168 - 43, -q + 2*a + 28 = w. Calculate the greatest common factor of 15 and q.
15
Suppose 0 = -0*l + 2*l - 4*a + 16, 2*l = 3*a - 11. Suppose 3*r = -k - l*r + 10, k = 5*r - 20. Let t = 8 + k. Calculate the greatest common divisor of 3 and t.
3
Let c be (-4 - (-6 - -3)) + 1. Suppose c = -2*a - k + 5*k + 2, -3*a = k + 4. Let b be (15/(-6) - a)*-16. What is the highest common divisor of 12 and b?
12
Suppose 4*z - 2*y = 32, 5*y = -14 + 4. Suppose m = -z + 1. Let q(i) = -i**2 - 8*i. Let r be q(m). Calculate the highest common factor of r and 18.
6
Suppose -t + 41 - 1 = 0. Calculate the greatest common divisor of 70 and t.
10
Suppose -5*w = -0*w + 4*s + 20, 5*w + 3*s = -20. Let j(o) = 2*o**2 + 4*o - 3. Let a be j(w). Calculate the highest common divisor of a and 117.
13
Suppose -5*u + 132 = -u - 4*k, 3*k - 153 = -4*u. Suppose -3*n + 2*n + 24 = 0. What is the highest common divisor of n and u?
12
Let v be (-8)/36 + (-212)/18. Let g be (-4)/(-24) + (-2374)/v. What is the greatest common factor of 22 and g?
22
Let d be ((-34)/4)/(3/(-48)). Calculate the greatest common divisor of 17 and d.
17
Let j(q) = -q**2 - 2*q + 15. Let c be j(0). Calculate the greatest common divisor of 135 and c.
15
Let t be 45 + (3 + 0 - -1). Calculate the highest common divisor of 49 and t.
49
Let d = -16 - -47. Calculate the greatest common factor of 248 and d.
31
Let r(z) = -z**3 + z**2 - 5*z + 12. Let h be r(-5). What is the greatest common factor of 17 and h?
17
Let f = -4 - -10. Let u be (2/(-5))/(6/(-1170)). Let k = f + u. Calculate the highest common divisor of 12 and k.
12
Let w(b) = -b**2 + 3*b + 2. Let z be w(3). Suppose 4*f = 4*d - 192, 4*d - 192 = -6*f + z*f. Calculate the greatest common divisor of 12 and d.
12
Let h(z) = 12*z - 49. Let b be h(6). What is the greatest common divisor of 69 and b?
23
Let b(m) = 9*m - m + 1 - 2 + 12 + m**2. Let d be b(-9). Calculate the greatest common divisor of 220 and d.
20
Suppose -23*b + 70 = -22*b. What is the highest common divisor of 30 and b?
10
Let i = 2 + -1. Suppose p = v + 17, -i = -p + v + 4*v. Suppose -3*x + 34 = -29. Calculate the highest common divisor of p and x.
21
Let j be (-9)/(-2) - 2/4. Suppose 4*a + 25 = o, j*a + 2 = 6. Let x = 41 - o. Calculate the highest common factor of 24 and x.
12
Let l(h) = 2*h**2 + h. Let f be l(1). Suppose 2*g + 18 = f*g. Let m be 12/7 - (-6)/21. Calculate the greatest common divisor of m and g.
2
Let k = 17 - 1. Let j = 2 + k. What is the greatest common divisor of j and 45?
9
Let u = 6 + -13. Let z(d) = -28*d - 9. Let v be z(u). Calculate the highest common factor of 17 and v.
17
Suppose -5*r - 3*g + 36 = -3*r, 0 = 5*r + 5*g - 90. Suppose 3 = -x + 30. Calculate the greatest common factor of x and r.
9
Let k(n) = -n**3 + 15*n**2 - 14*n + 12. Let q be k(14). What is the highest common divisor of q and 228?
12
Let q(p) = -p**3 + 6*p**2 + 4*p - 3. Let o be 3*(-2 + 6 - 2). Let u be q(o). Calculate the greatest common divisor of u and 7.
7
Let m be 8/(-10) + (-120)/(-25). Calculate the highest common factor of m and 20.
4
Suppose -2 + 5 = -h, 49 = 5*l - 3*h. Let v(c) = 8*c - 15*c - 13*c. Let n be v(-4). Calculate the greatest common divisor of l and n.
8
Let h be 3/((-6)/(-8)) - (-666)/6. Calculate the highest common divisor of h and 5.
5
Suppose -q + 126 = -3*j + 348, -3*j = 2*q - 231. Suppose -3*s - j = -8*s. What is the greatest common factor of s and 60?
15
Let k be ((-6)/(-30))/(0 + (-2)/(-50)). What is the highest common factor of k and 65?
5
Let o be 0 - 6/(-3) - -4. What is the highest common factor of o and 18?
6
Let x = -121 + 169. Let l = x + -23. Suppose 0*j - 10 = -2*j. What is the greatest common factor of j and l?
5
Let n be -1*(0 + -5)*1. Suppose f + 66 = 4*f. Suppose 0 = -2*k + l, -3*l = -f + 10. What is the greatest common divisor of k and n?
1
Let g(j) be the first derivative of j**3/3 - j**2 - 3*j + 5. Let i be g(-3). What is the highest common divisor of 84 and i?
12
Let r = 4 - 3. Let h = 19 + r. What is the greatest common divisor of h and 180?
20
Let n(r) = -96*r + 2. Let z be n(5). Let i = 130 - -557. Let a = z + i. Calculate the highest common factor of 19 and a.
19
Let z = 3 + 7. Suppose 0 = -2*m - 3*m + 25. Calculate the greatest common factor of z and m.
5
Let h(n) = n**3 + 7*n**2 + n - 5. Let y be h(-5). Suppose 0 = 5*x, 0 = -2*u + 5*u + x - 36. Suppose 52 - u = 4*q. What is the highest common factor of q and y?
10
Let y(r) = 11*r**2 - 5*r + 3. Let p be y(-3). Let v(t) = -17*t + 0 + 3*t - 1 + 0*t. Let i be v(-1). What is the greatest common divisor of i and p?
13
Let c be (2/(-4))/((-1)/12). Let w(u) = u - 6. Let l be w(c). Suppose -t - 4*a + 22 = l, 3*t - t - 4*a - 20 = 0. What is the highest common factor of t and 42?
14
Let i be (-46)/8 - 1/4. Let x be (-12 + i)/(3/(-4)). Calculate the greatest common factor of 24 and x.
24
Let i = -7 + 8. Calculate the highest common divisor of i and 5.
1
Suppose 17 = 5*k - 8. Suppose -3*q + 14 = -k*u - 182, u = -5*q + 364. What is the highest common divisor of q and 8?
8
Suppose -12*l + 0*l = -2808. What is the highest common divisor of l and 26?
26
Let v(m) = m**2 + 4*m - 11. Let q be v(-8). Calculate the greatest common factor of 7 and q.
7
Suppose 4*a + 0*a + 2*l - 172 = 0, -5*a + 4*l + 202 = 0. Calculate the highest common divisor of a and 28.
14
Let m(r) = r**2 + 7*r + 6. Let x be m(-4). Let t be 64/6*x/(-4). What is the greatest common factor of t and 8?
8
Let h be 142 - 2 - 0/(0 - -5). What is the highest common factor of h and 56?
28
Suppose -2*t + 69 = 2*r + 23, 4*t + 3*r - 90 = 0. Let b = t + -8. What is the greatest common divisor of 13 and b?
13
Let o = 4 - -1. Suppose -3*d + i - 6*i = -16, -2*d + o*i = -19. Let t(h) = 8*h + 8. Let z be t(6). What is the highest common factor of z and d?
7
Let r be (6 + -7)*(-10)/(3 - 1). Let t(p) = -p**3 + 8*p**2 - 3*p + 7. Let y be t(7). Calculate the greatest common divisor of y and r.
5
Let a = 0 + -1. Let b = 2 - a. Suppose 4*q = 2*v + 6*q - 48, -3*v - 5*q = -66. What is the greatest common factor of v and b?
3
Let m(g) = -g. Let k be m(-5). Suppose -q + 5*z + k = -1, -q + 13 = 2*z. What is the highest common divisor of 22 and q?
11
Suppose 2*v - 114 = -4*v. Let b(c) = -2*c**3 - c**2 + 2. Let j be b(-4). What is the greatest common divisor of j and v?
19
Suppose -3*h - h + 117 = u, 0 = -3*h + 4*u + 102. Suppose 0 = -q + 2*k - 2, q + q = -3*k + 24. What is the greatest common divisor of h and q?
6
Let t be (-11)/(-4 - (-95)/24). Calculate the highest common factor of 24 and t.
24
Let z = -15 - 8. Let d = z + 43. Calculate the greatest common factor of 8 and d.
4
Suppose -4*r - 23 = -y - 4*y, -4*y = -r - 14. Let h(u) = -14*u + 1. Let f be h(r). Let k = f + 21. What is the greatest common factor of 10 and k?
10
Let t(m) = -m**3 + 10*m**2 + 2*m - 15. Let s be t(10